326
-111110111 (base 2) to base 8
-767
Convert -4211111 (base 5) to base 7.
-406500
What is 1021021 (base 3) in base 4?
32131
Convert 1233 (base 15) to base 4.
330201
Convert -12 (base 15) to base 3.
-122
-16a1c (base 13) to base 14
-11ba2
Convert 11230 (base 4) to base 15.
194
-168 (base 10) to base 2
-10101000
-23552 (base 8) to base 9
-14751
What is -1100011101100100 (base 2) in base 9?
-77015
What is 10031122 (base 4) in base 15?
5197
What is -3251 (base 6) in base 8?
-1357
Convert 223 (base 13) to base 14.
1c3
What is -2220 (base 15) in base 4?
-1300332
Convert -31301 (base 4) to base 2.
-1101110001
-13820 (base 9) to base 7
-36306
What is -10344 (base 6) in base 14?
-744
What is -416 (base 13) in base 11?
-582
Convert -668 (base 13) to base 15.
-4d5
533 (base 10) to base 9
652
-6a11 (base 12) to base 9
-17184
Convert -1b4 (base 13) to base 10.
-316
-562 (base 7) to base 16
-121
Convert -1597 (base 15) to base 11.
-3540
Convert -345034 (base 6) to base 10.
-29614
What is 1321 (base 9) in base 14?
50b
What is -134403 (base 5) in base 14?
-2083
What is 10a48 (base 12) in base 13?
a172
Convert -3104 (base 8) to base 12.
-b18
Convert -24 (base 15) to base 13.
-28
-56 (base 13) to base 10
-71
187b0 (base 15) to base 5
10014430
Convert -1687 (base 11) to base 16.
-868
18 (base 12) to base 10
20
-4002123 (base 5) to base 6
-1202404
What is 20 (base 11) in base 3?
211
2099 (base 12) to base 2
110111110101
Convert 30c (base 14) to base 11.
4a6
Convert -321 (base 5) to base 4.
-1112
-1101010 (base 2) to base 16
-6a
What is -880 (base 10) in base 5?
-12010
10101110011 (base 2) to base 4
111303
What is 6b0c (base 14) in base 2?
100100011001000
What is -111023 (base 4) in base 5?
-20410
-16330 (base 11) to base 14
-8567
a6 (base 11) to base 2
1110100
246565 (base 7) to base 10
45568
What is 10210 (base 4) in base 15?
147
Convert -30232203 (base 4) to base 14.
-14dd9
244256 (base 7) to base 14
1242d
What is -1430 (base 7) in base 16?
-230
Convert 1641 (base 10) to base 7.
4533
Convert -100100100 (base 2) to base 4.
-10210
Convert 3574 (base 8) to base 4.
131330
Convert -1442 (base 6) to base 11.
-321
Convert -10101101101 (base 2) to base 11.
-1053
Convert 6275 (base 8) to base 4.
302331
6c20 (base 15) to base 2
101100111000100
What is -2002 (base 7) in base 10?
-688
Convert -31dd (base 14) to base 11.
-652a
3936 (base 16) to base 11
10005
771 (base 11) to base 3
1021021
Convert -1331 (base 14) to base 5.
-102000
Convert -1232343 (base 5) to base 3.
-1020001112
What is 24111 (base 10) in base 5?
1232421
What is 13553 (base 8) in base 12?
3577
Convert 1270 (base 11) to base 9.
2233
Convert -164 (base 9) to base 5.
-1024
What is -101010001 (base 3) in base 14?
-2988
Convert 1099 (base 14) to base 4.
230333
What is -185a5 (base 14) in base 2?
-1111000000110101
Convert -528 (base 10) to base 12.
-380
1506 (base 13) to base 11
2321
10212111 (base 3) to base 5
42241
What is -199c (base 14) in base 15?
-159b
What is -111000011 (base 2) in base 3?
-121201
333 (base 4) to base 8
77
What is 340 (base 11) in base 6?
1515
549 (base 12) to base 3
1001210
-15020 (base 8) to base 2
-1101000010000
Convert -1a2c (base 13) to base 2.
-111101010101
Convert -30311010 (base 4) to base 11.
-36531
1b25 (base 13) to base 4
333313
2ca (base 15) to base 10
640
Convert -1100121 (base 3) to base 2.
-1111011100
Convert 2862 (base 13) to base 2.
1011011000010
Convert b52a (base 15) to base 10.
38290
Convert 3130 (base 5) to base 7.
1132
Convert -680 (base 9) to base 13.
-33c
What is 2672 (base 9) in base 4?
133121
-15690 (base 12) to base 6
-352300
What is -523 (base 14) in base 6?
-4403
-29d8 (base 16) to base 10
-10712
Convert -1010123 (base 4) to base 7.
-15524
What is -7765 (base 15) in base 14?
-930b
Convert 1519 (base 11) to base 3.
2200110
What is b605 (base 15) in base 6?
454052
Convert -300a (base 12) to base 4.
-1101022
What is 1436 (base 13) in base 5?
43133
What is -52 (base 7) in base 14?
-29
What is 2020012002 (base 3) in base 15?
d002
What is 2b01 (base 15) in base 14?
3510
-11101001 (base 2) to base 15
-108
What is -14201 (base 7) in base 16?
-f20
Convert -121 (base 16) to base 14.
-169
Convert -159e (base 15) to base 2.
-1001000101001
-1100111001001 (base 2) to base 15
-1e51
111000100000 (base 2) to base 3
11221221
What is 14110 (base 5) in base 9?
1523
What is 110333 (base 5) in base 3?
12021100
Convert -3a6 (base 11) to base 3.
-122202
-122110 (base 4) to base 14
-884
Convert -20325 (base 7) to base 12.
-2a60
What is -2 (base 11) in base 6?
-2
777 (base 8) to base 14
287
-5a1 (base 12) to base 11
-6a5
What is 1e3 (base 16) in base 3?
122220
1341 (base 14) to base 15
100e
-229 (base 16) to base 14
-2b7
Convert 18aa (base 12) to base 11.
2297
1171c (base 14) to base 15
c923
What is 11101001011011 (base 2) in base 6?
153055
877 (base 15) to base 2
11101111000
Convert -4442 (base 5) to base 6.
-2514
-33110 (base 4) to base 3
-1100022
Convert -12202312 (base 4) to base 10.
-26806
What is 4027 (base 11) in base 16?
14e9
Convert 11a (base 16) to base 11.
237
Convert -51105 (base 6) to base 11.
-5075
1002100021 (base 3) to base 9
32307
Convert 151044 (base 6) to base 12.
8484
Convert 11746 (base 10) to base 3.
121010001
Convert -221114 (base 5) to base 14.
-2b11
Convert -a594 (base 11) to base 14.
-5174
751 (base 13) to base 5
14444
What is 5c8 (base 14) in base 2?
10010000100
Convert -38b (base 12) to base 2.
-1000011011
Convert -2002110 (base 3) to base 6.
-11020
What is 1230 (base 7) in base 6?
2050
Convert -1004221 (base 6) to base 9.
-72264
25267 (base 9) to base 7
100351
What is 1011011101001 (base 2) in base 6?
43053
Convert -43a3 (base 12) to base 14.
-2a15
-5310 (base 7) to base 6
-12353
3103221 (base 4) to base 8
32351
Convert -145101 (base 6) to base 15.
-4287
-1230234 (base 6) to base 4
-100022032
2222200 (base 3) to base 6
14030
29a (base 16) to base 12
476
Convert 2dc (base 15) to base 11.
548
Convert -2012202 (base 3) to base 5.
-22423
Convert -64054 (base 7) to base 4.
-3313021
What is 20331002 (base 4) in base 11?
25610
What is 21413 (base 5) in base 11?
1129
Convert 10144 (base 6) to base 13.
808
Convert 8b4 (base 15) to base 4.
132301
Convert -1000121 (base 3) to base 2.
-1011101001
What is 303 (base 7) in base 4?
2112
-101100001011010 (base 2) to base 6
-252414
Convert -100100 (base 2) to base 13.
-2a
Convert -200210 (base 3) to base 15.
-23c
Convert 212 (base 15) to base 9.
568
What is 23a7 (base 13) in base 5?
130123
Convert 9b4 (base 13) to base 8.
3204
What is -259d (base 15) in base 16?
-1f57
Convert -1437 (base 11) to base 3.
-2112201
10004 (base 5) to base 3
212022
What is ad (base 16) in base 7?
335
Convert -1202210202 (base 3) to base 2.
-1000100000100010
Convert -11102210 (base 3) to base 7.
-12300
What is 100001000 (base 2) in base 15?
129
Convert -69a (base 16) to base 2.
-11010011010
-1101001011001 (base 2) to base 4
-1221121
Convert -135 (base 16) to base 12.
-219
26776 (base 8) to base 16
2dfe
Convert 114 (base 12) to base 14.
b6
Convert 62e (base 15) to base 13.
833
-2122 (base 3) to base 13
-56
-143 (base 5) to base 3
-1210
Convert -351054 (base 6) to base 14.
-ad50
What is 1000000011 (base 2) in base 4?
20003
698 (base 16) to base 15
778
What is 1c6 (base 13) in base 7?
652
Convert 944d (base 15) to base 7.
160252
-37147 (base 12) to base 11
-50a80
What is -821 (base 14) in base 12?
-b11
4730 (base 8) to base 13
11bb
-2247 (base 12) to base 10
-3799
What is -a04 (base 12) in base 10?
-1444
Convert 11123 (base 6) to base 16.
61b
-48544 (base 9) to base 14
-bbcd
What is -1100220 (base 3) in base 15?
-466
b8 (base 15) to base 7
335
-2b40 (base 16) to base 8
-25500
Convert 20311 (base 4) to base 14.
2c5
What is 1000101001001011 (base 2) in base 7?
205134
Convert -2c8 (base 16) to base 10.
-712
Convert -1b51 (base 16) to base 8.
-15521
100001100011001 (base 2) to base 7
101036
1011101100101 (base 2) to base 5
142424
What is 962 (base 16) in base 6?
15042
-430 (base 9) to base 13
-210
Convert 4225 (base 9) to base 7.
12020
-14225 (base 6) to base 8
-4311
Convert 2234 (base 6) to base 14.
298
Convert -14762 (base 8) to base 3.
-100010000
Convert -21032 (base 4) to base 13.
-365
Convert 604 (base 12) to base 13.
51a
1645 (base 8) to base